er when 14562 is divided by 4749.
315
Calculate the remainder when 619936 is divided by 101.
99
Calculate the remainder when 54774 is divided by 107.
97
What is the remainder when 8824 is divided by 66?
46
What is the remainder when 10739 is divided by 23?
21
Calculate the remainder when 1112 is divided by 549.
14
Calculate the remainder when 2830 is divided by 151.
112
What is the remainder when 3004 is divided by 185?
44
What is the remainder when 77874 is divided by 110?
104
Calculate the remainder when 23512 is divided by 4697.
27
What is the remainder when 3566 is divided by 134?
82
Calculate the remainder when 4559 is divided by 1447.
218
What is the remainder when 5190 is divided by 1726?
12
Calculate the remainder when 67566 is divided by 11260.
6
What is the remainder when 3688 is divided by 1807?
74
Calculate the remainder when 6086 is divided by 145.
141
What is the remainder when 22723 is divided by 375?
223
What is the remainder when 29682 is divided by 25?
7
Calculate the remainder when 435932 is divided by 162.
152
Calculate the remainder when 1712 is divided by 338.
22
Calculate the remainder when 7834 is divided by 3915.
4
What is the remainder when 1350106 is divided by 883?
882
Calculate the remainder when 61966 is divided by 459.
1
What is the remainder when 4449 is divided by 109?
89
What is the remainder when 27734 is divided by 208?
70
What is the remainder when 100909 is divided by 242?
237
What is the remainder when 61352 is divided by 288?
8
What is the remainder when 34952 is divided by 4988?
36
What is the remainder when 15805 is divided by 13?
10
Calculate the remainder when 710548 is divided by 26.
20
What is the remainder when 2440 is divided by 22?
20
Calculate the remainder when 32331 is divided by 25.
6
What is the remainder when 1736 is divided by 186?
62
Calculate the remainder when 1037 is divided by 23.
2
Calculate the remainder when 825 is divided by 85.
60
Calculate the remainder when 4432 is divided by 1007.
404
What is the remainder when 48205 is divided by 30?
25
What is the remainder when 4833 is divided by 285?
273
Calculate the remainder when 12507 is divided by 176.
11
Calculate the remainder when 5781 is divided by 4784.
997
What is the remainder when 8494 is divided by 51?
28
Calculate the remainder when 35278 is divided by 11759.
1
Calculate the remainder when 6845 is divided by 136.
45
Calculate the remainder when 19207 is divided by 47.
31
Calculate the remainder when 64108 is divided by 5.
3
Calculate the remainder when 2985 is divided by 193.
90
What is the remainder when 13 is divided by 3?
1
What is the remainder when 440750 is divided by 24?
14
Calculate the remainder when 3408 is divided by 562.
36
Calculate the remainder when 6837 is divided by 534.
429
What is the remainder when 651558 is divided by 2378?
2364
What is the remainder when 1243 is divided by 103?
7
What is the remainder when 24004 is divided by 39?
19
Calculate the remainder when 1355630 is divided by 147.
143
Calculate the remainder when 112790 is divided by 8.
6
Calculate the remainder when 667 is divided by 146.
83
What is the remainder when 55394 is divided by 18403?
185
Calculate the remainder when 248123 is divided by 31.
30
Calculate the remainder when 1607 is divided by 147.
137
What is the remainder when 1036 is divided by 300?
136
Calculate the remainder when 22727 is divided by 22710.
17
Calculate the remainder when 152253 is divided by 56.
45
Calculate the remainder when 1798497 is divided by 55.
52
Calculate the remainder when 157060 is divided by 5608.
36
What is the remainder when 47009 is divided by 292?
289
What is the remainder when 898 is divided by 154?
128
Calculate the remainder when 900854 is divided by 267.
263
What is the remainder when 478023 is divided by 620?
3
What is the remainder when 67922 is divided by 31?
1
Calculate the remainder when 12563 is divided by 25.
13
Calculate the remainder when 21478 is divided by 632.
622
What is the remainder when 5916 is divided by 1449?
120
What is the remainder when 818 is divided by 205?
203
Calculate the remainder when 2063 is divided by 25.
13
Calculate the remainder when 545074 is divided by 37.
27
What is the remainder when 4557 is divided by 73?
31
What is the remainder when 177714 is divided by 44427?
6
What is the remainder when 1191 is divided by 297?
3
Calculate the remainder when 20299 is divided by 92.
59
Calculate the remainder when 25736 is divided by 6143.
1164
What is the remainder when 25840 is divided by 90?
10
Calculate the remainder when 2684 is divided by 145.
74
Calculate the remainder when 90077 is divided by 330.
317
What is the remainder when 100462 is divided by 52?
50
Calculate the remainder when 3889 is divided by 969.
13
Calculate the remainder when 25890 is divided by 2275.
865
Calculate the remainder when 327 is divided by 65.
2
Calculate the remainder when 1268 is divided by 85.
78
Calculate the remainder when 31891 is divided by 4.
3
What is the remainder when 7081 is divided by 1177?
19
Calculate the remainder when 19661 is divided by 9826.
9
Calculate the remainder when 1480 is divided by 55.
50
Calculate the remainder when 972 is divided by 98.
90
What is the remainder when 1502 is divided by 84?
74
Calculate the remainder when 9203 is divided by 225.
203
What is the remainder when 99271 is divided by 33086?
13
What is the remainder when 2266 is divided by 10?
6
Calculate the remainder when 25509 is divided by 209.
11
What is the remainder when 5121 is divided by 2541?
39
What is the remainder when 1045 is divided by 130?
5
Calculate the remainder when 1959 is divided by 238.
55
Calculate the remainder when 8959 is divided by 322.
265
What is the remainder when 14212 is divided by 1766?
84
Calculate the remainder when 112718 is divided by 12523.
11
What is the remainder when 78002 is divided by 321?
320
Calculate the remainder when 11076 is divided by 3382.
930
What is the remainder when 15106 is divided by 1402?
1086
Calculate the remainder when 85298 is divided by 9477.
5
What is the remainder when 18560 is divided by 18226?
334
What is the remainder when 3618 is divided by 453?
447
Calculate the remainder when 4750 is divided by 196.
46
What is the remainder when 211857 is divided by 559?
555
Calculate the remainder when 76978 is divided by 63.
55
What is the remainder when 12294 is divided by 6139?
16
Calculate the remainder when 193644 is divided by 96817.
10
What is the remainder when 4365 is divided by 144?
45
What is the remainder when 17056 is divided by 258?
28
Calculate the remainder when 138898 is divided by 100.
98
Calculate the remainder when 4352 is divided by 2175.
2
Calculate the remainder when 1257 is divided by 416.
9
What is the remainder when 191974 is divided by 95981?
12
Calculate the remainder when 16424 is divided by 8199.
26
What is the remainder when 86194 is divided by 28725?
19
What is the remainder when 304189 is divided by 10?
9
Calculate the remainder when 31306 is divided by 987.
709
Calculate the remainder when 975 is divided by 159.
21
What is the remainder when 1919428 is divided by 270?
268
What is the remainder when 32165 is divided by 162?
89
What is the remainder when 28302 is divided by 3529?
70
What is the remainder when 183659 is divided by 63?
14
Calculate the remainder when 743 is divided by 16.
7
Calculate the remainder when 26900 is divided by 63.
62
What is the remainder when 59341 is divided by 29509?
323
What is the remainder when 41851 is divided by 38?
13
What is the remainder when 12161 is divided by 2?
1
What is the remainder when 246418 is divided by 740?
738
What is the remainder when 1987 is divided by 253?
216
Calculate the remainder when 3877 is divided by 958.
45
What is the remainder when 101776 is divided by 70?
66
What is the remainder when 46458 is divided by 1106?
6
What is the remainder when 7939 is divided by 1535?
264
What is the remainder when 587 is divided by 198?
191
Calculate the remainder when 200186 is divided by 32.
26
Calculate the remainder when 255767 is divided by 85254.
5
What is the remainder when 2648 is divided by 2518?
130
What is the remainder when 1686 is divided by 580?
526
What is the remainder when 6945 is divided by 3463?
1